tive of v(s). Calculate j(3).
7
Let d = -7 - -8. Let f(i) = 4*i**3 - i**2 - i + 1. Calculate f(d).
3
Let b be (-5)/(-10) + 15/(-2). Let h(v) = v**3 + 8*v**2 + 2*v - 9. Determine h(b).
26
Let v(s) be the second derivative of s**7/1260 + s**6/720 - s**4/6 - s. Let x(n) be the third derivative of v(n). Let o be 2 + (-6 - -2) + 1. What is x(o)?
1
Suppose f + 4 = -o, -2*o + 2*f + 8 = 3*o. Let m(c) be the first derivative of c**3/3 - c**2/2 + 13*c - 29. What is m(o)?
13
Let q(h) = 14*h**3 + 2*h + 5. Let y(t) = -21*t**3 - 3*t - 8. Let x(u) = 8*q(u) + 5*y(u). Let f = -6 - -7. What is x(f)?
8
Let z(h) = -4*h - 2. Let n be 2*(-2)/(-4)*2. Suppose 3*j - 4*j + 4 = n*f, -3*j = 3*f - 3. Calculate z(j).
6
Let m = 27 + -25. Let p(u) be the third derivative of -1/120*u**6 + 1/8*u**4 + 0*u - u**m - 1/20*u**5 + 0 - 1/2*u**3. Give p(-4).
1
Let v(a) = -a + 1. Let f(s) = 3*s**3 - s**2 - 6*s + 6. Suppose -2*c = 3*c + 5. Let l(z) = c*f(z) + 6*v(z). What is l(-1)?
4
Let u be (6/(-7))/(9/(-42)). Let z(k) be the second derivative of k**4/12 - 2*k**3/3 + k. What is z(u)?
0
Let h(l) = 12*l - 1. Let p = 29 + -28. Calculate h(p).
11
Let k(j) = -4*j - 46 + 23 + 26. Suppose 3*o - 4*d = 18, 3*d + 1 = -3*o - 2. What is k(o)?
-5
Let i(j) = j**3 + j**2 + 2. Let f be i(0). Let s(h) = 2*h + f*h - h - 1. Give s(-2).
-7
Let y(a) = 4 - 4*a - 2 + 2. Suppose -z + 19 = 4*p, -z - 3*z + 28 = 4*p. What is y(z)?
-8
Suppose 0*d = -d + 6. Let w(p) = -2*p + 3*p - d - 8*p**2 - 6*p. Let q(c) = 23*c**2 + 14*c + 17. Let o(i) = -6*q(i) - 17*w(i). Give o(2).
-6
Suppose -2*s + t + 9 = 0, 0*t = -3*t - 9. Suppose -3*a + 2*b = s - 15, -2*b = 0. Let k(h) = -h + 4. Calculate k(a).
0
Let v(o) = -o + 2. Let q(t) = -t + 1. Let w = 0 - -1. Let g(j) = w*v(j) - 3*q(j). What is g(1)?
1
Let r(k) = 4*k**3 - 7*k**2 + 2*k - 3. Let b(m) = 2*m + 5. Let i be b(-6). Let z(x) = 9*x**3 - 15*x**2 + 5*x - 7. Let u(n) = i*r(n) + 3*z(n). Give u(4).
4
Let k(t) = -t + 3. Let b(a) = 2*a + 28. Let p be b(-12). Calculate k(p).
-1
Let z = -5 + 7. Suppose 0 = -z*p + 3*p. Let w(c) = c + 6. What is w(p)?
6
Let o(n) = 2*n + 5 + 12 - 17. Determine o(-4).
-8
Let b(l) = 18*l**3 - 2*l**2 + 2*l - 1. Suppose 4*z - 8 = -4. Calculate b(z).
17
Let q(s) = -18*s - 1 + 13*s - 2 + 7*s. Let l(m) = m - 1. Let z be l(-5). Let h = 10 + z. Give q(h).
5
Let m(k) be the third derivative of 1/3*k**3 + k**2 + 1/60*k**5 + 0 + 0*k - 1/6*k**4. Give m(3).
-1
Let k(w) = -w**3 + 7*w**2 - 6*w - 3. Let a(u) = -u**2 + 11*u - 18. Let r be a(8). Give k(r).
-3
Let o(k) = -k**3 - 5*k**2 + 5*k + 1. Let i(y) = 2*y**2 + 28*y - 6. Let l be i(-14). Give o(l).
7
Suppose 2*c = 5*c. Let x = c + 3. Suppose -x*p + m - 1 = -0, 5*p - 3*m = 5. Let v(j) = -2*j + 1. What is v(p)?
5
Let v(q) = q**2 + 4*q + 3. Suppose f = 2*f + 2. What is v(f)?
-1
Let f(s) = -s - 1. Suppose -2*a + 4 = 22. Let t = -10 - a. Determine f(t).
0
Let x = 4 - 8. Let a be ((-6)/x)/(9/24). Let b(m) = -5 + m**2 + 5 - 1 - 3*m. Determine b(a).
3
Let m(a) = -2*a**3 + a**2. Let z be 4/(-2) - (2 + -5). Determine m(z).
-1
Let p be (0 - -21)/((-9)/(-6)). Let o(n) = 6 - 1 + p*n**2 + n**3 - 9*n**2. Calculate o(-5).
5
Let i(g) = 2 - 4 + g + 2. Calculate i(-5).
-5
Let h(i) = i - 6. Suppose a = 4 + 1. What is h(a)?
-1
Suppose -4*r - 27 = -r. Let m = -8 - r. Let q(t) = 0*t + 0*t - 2*t**2. Determine q(m).
-2
Let j(g) = -2*g**2 - 9*g**2 - 17*g + 2*g**2 + 12. Let z(d) = 4*d**2 + 8*d - 6. Let k(b) = 3*j(b) + 7*z(b). Give k(-6).
0
Suppose 5*m - 5 = 10. Let s(h) = -h**3 - 5*h**2 + 2. Let u be s(-5). Suppose 5*t = m*t - u. Let r(d) = -7*d**2 - 1. Calculate r(t).
-8
Let a(t) = -t**3 - 3*t**2 + 8*t - 1. Let z(o) = 2*o**3 + 7*o**2 - 17*o + 3. Let v(p) = 9*a(p) + 4*z(p). Determine v(-2).
7
Let a(z) = -7*z**3 - z**2 + 2*z - 1. Suppose 9*g = 5*g + 4. What is a(g)?
-7
Let a(w) = -8 - 3 - w**2 + w + 9. Determine a(0).
-2
Let o = -9 + 15. Let s(q) = -q**2 + 9*q - 7. Calculate s(o).
11
Let x(q) = 1. Let s(o) = -o**2 - 3*o + 1. Let i(u) = s(u) - 3*x(u). Let y = -25 + 22. Determine i(y).
-2
Let w be (-2 + (1 - 2))*(-126)/54. Let l(a) = a + 3. Determine l(w).
10
Let y(t) = t**2 + t - 7. Let j(v) = 3*v**2 + 2*v - 21. Let x(h) = -6*j(h) + 17*y(h). Let d be (-1 + 0)/(-1) - -5. What is x(d)?
1
Let g(r) be the first derivative of r**4/2 + 5*r**3/3 + 3*r**2/2 - 3*r - 66. Calculate g(-3).
-21
Let a(x) = -x**2 - 7*x - 6. Let j(z) = z**2 + 3*z - 16. Let f be j(-5). Give a(f).
0
Let h(f) = f**2 + 4*f - 2. Suppose v + x - 6 = 0, -15 = -5*x + 5. Let k(l) = l - 1. Let z(q) = v*k(q) - h(q). Determine z(-2).
0
Let b(a) = 7*a - 1. Suppose s + 2*s = 9. Suppose -4*c + s = -c. Determine b(c).
6
Suppose -8*r - 20 = -4*r. Let u(n) = -n**3 - 4*n**2 + 3*n - 1. Give u(r).
9
Let b(x) = -2*x + 4. Suppose 6*q - 27 = 3*q. Suppose -q = -3*n + 3*f, 0*n = -n + 4*f + 3. Determine b(n).
-2
Let k(w) be the second derivative of w**4/6 - w**3/2 - 2*w**2 + 101*w. Let r(c) = -c - 3. Let o be r(-6). Determine k(o).
5
Let d(p) = -p**2 - p - 11. Suppose -21 + 53 = 2*t. Suppose -5*m - a + 6 - 2 = 0, -m - 4*a = -t. Give d(m).
-11
Let u(n) = 2*n**2 + 3*n - 1. Let w be (3 - 44/8) + 2/(-4). Calculate u(w).
8
Let w(m) = m**3 - 8*m**2 + 8*m - 6. Let j be w(7). Let u(y) be the second derivative of y**5/2 - y**4/12 + y**3/3 - y**2/2 - 7*y. Determine u(j).
10
Let t(n) = -n**3 + 6*n**2 + 8*n - 6. Suppose 27 = a - 4*a. Let s be (-3)/(3/2) - a. Calculate t(s).
1
Let v(a) be the first derivative of 4*a**2 - a + 16. Give v(2).
15
Suppose 0 = -s - 26 + 31. Let t(o) = o - 5. Give t(s).
0
Let m(c) = -c**2 + c + 1. Let v = 21 - 15. Suppose -4*k + 8 = 0, 4*k + 2 = -v*n + n. Determine m(n).
-5
Let q be (4/(-6))/(7/(-42)). Suppose -22 = y + y + 2*p, 0 = -5*y + q*p - 19. Let g(m) = -m - 10. What is g(y)?
-3
Let r = 11 + -8. Let k(x) be the third derivative of -x**5/60 + x**4/24 + x**3/3 + 3*x**2. Give k(r).
-4
Let h(q) = 4*q**2 + 2*q**3 - 4*q**2 - 1 - 3*q. Let o = 8 - 5. Suppose -7 = 2*c - o. Give h(c).
-11
Let r(m) be the third derivative of m**6/120 + m**5/12 + m**4/24 + m**3 - m**2. Determine r(-5).
1
Let o be (2/(-6))/(3/9). Let r(s) = -2*s**3 + s**2 - 1. Calculate r(o).
2
Let y = -1 - 4. Let z = 7 + y. Let d(b) = -8*b + 1. What is d(z)?
-15
Suppose 37 - 16 = 3*s. Let z(m) = -2*m + 2. What is z(s)?
-12
Let w(c) be the second derivative of 2*c**3/3 - c**2/2 - 6*c. What is w(1)?
3
Let d(g) = 0 - 3 - 3 - 2*g + g. What is d(-5)?
-1
Let u(i) = -i**3 - 3*i**2. Suppose -3 + 11 = 2*z. Suppose y = -z*y + 4*g - 3, 3*g + 9 = 0. What is u(y)?
0
Let x(v) = -v**3 - 4*v**2 - 3*v - 1. Let y(d) = d**3 + 6*d**2 - 2*d - 14. Let c be y(-6). What is x(c)?
-3
Let h(n) = -3*n + 3*n + 0 + 5 + 2*n. Let l(f) = -f**3 - 7*f**2 + f + 1. Let p be l(-7). Give h(p).
-7
Let t(f) = f**3 + f**2 - 1. Let i(o) = 3*o**3 + 7*o**2 - 4. Let p(s) = i(s) - 2*t(s). Calculate p(-5).
-2
Let l(a) = -6*a**2 + 0*a + 0*a + 3*a**2 + 1. Give l(-2).
-11
Let a(s) be the second derivative of -s**4/12 + s**3/6 - s**2/2 + 3*s. Let p(u) = u**3 + 6*u**2 + 2. Let r = -13 + 7. Let d be p(r). Calculate a(d).
-3
Let f(h) = -h + 3. Let p(g) = g - 2. Let v(j) = 6*f(j) + 5*p(j). What is v(7)?
1
Let y(h) be the first derivative of 2*h + 1/2*h**2 - 1/3*h**3 + 1. Determine y(0).
2
Suppose 3*v - 4*t = -3*t + 17, -4*t = 3*v + 8. Let w = 0 - -2. Let j(g) = 0*g + g - w + 2*g. Calculate j(v).
10
Let n(y) = y**3 + 5*y**2 + 6*y + 2. Suppose 3*u + 5*x + 22 = 0, -4*u = u + x + 22. Determine n(u).
-6
Let w(n) be the third derivative of n**6/120 + n**5/10 + 5*n**4/24 - n**3 + 3*n**2. What is w(-5)?
-6
Let f(g) = -g + 5. Suppose r = 5, 0 = -4*z + 3*z - 4*r + 23. Let l(p) = p**2 + 3*p - 4. Let o be l(z). Let k = o + -10. Calculate f(k).
1
Let l = 13 - 18. Let x = 4 + -2. Let f(z) = -5*z + z**3 - 3*z + 4*z**x + 2*z. Determine f(l).
5
Suppose 20 = 5*t - 0. Let r(q) = q**3 + 2*q + 2*q - q - t*q - 5*q**2 + 6. What is r(5)?
1
Let w(i) = -i**2 + 6*i. Suppose 5*t + 20 = -3*p, -5*p = -4*t - 4*p + 1. Let k = 6 + t. Determine w(k).
5
Suppose -12*i = i + 65. Let c(r) = -r**3 - 6*r**2 - 6*r - 6. What is c(i)?
-1
Let u(h) = -h**3 - 6*h**2 - 3*h - 1. Let s be -2 + (-9 - 5/(-1)). Give u(s).
17
Let q be 130/35 - (-4)/14. Suppose 0 = -a - i - i + 16, 7 = -3*a + 5*i. Let l(b) = -a*b - 1 + q*b + b. What is l(1)?
-2
Let m(b) = -b**2 + 6*b + 5. Let z = 8 + -10. Let n be (24/(-14))/(z/7). Give m(n).
5
Le